by 13.
10
Let m = 670 + -521. What is the remainder when m is divided by 79?
70
Let q(v) = 3*v - 3. Let y be q(2). Let z = 29 + y. Suppose 5*x + 3*p = 374 - 69, -2*p = 0. Calculate the remainder when x is divided by z.
29
Suppose -48 = m + 2*m. Let t be (-13 + 16)*2*86/12. Let d = t + m. Calculate the remainder when d is divided by 7.
6
Suppose 5*k - 5*g = 0, 3*g - 10 = g. Suppose 0 = 2*b + 2*l - 238 - 36, -5*b + k*l + 685 = 0. Calculate the remainder when b is divided by 35.
32
Suppose -9*f + 4*f = -3*n + 81, 113 = 4*n - 5*f. What is the remainder when 404 is divided by n?
20
Let r = 23 - -5. Suppose 0 = -508*p + 512*p - 36. What is the remainder when r is divided by p?
1
Let o(d) = -d**2 - 5*d + 21. Let v be o(-9). Let m(p) = -p - 8. Calculate the remainder when 23 is divided by m(v).
2
Let l = 1354 + -1326. What is the remainder when 153 is divided by l?
13
Let y(c) = 158*c**2 + 2. Calculate the remainder when y(-1) is divided by 27.
25
Let z(v) = -v**2 - 13*v + 3. Suppose -3*p - 7*p + 230 = 0. Calculate the remainder when z(-8) is divided by p.
20
Let i(j) = -j**3 - 10*j**2 - 3*j - 2. Let k(t) = -t**3 - 9*t**2 - 4*t - 1. Let c(v) = -3*i(v) + 4*k(v). What is the remainder when 42 is divided by c(-5)?
6
Suppose r - 4*g - 1 = 0, -2*r + 2*g = r - 53. What is the remainder when 1049 is divided by r?
20
Suppose 36 - 144 = -3*i. What is the remainder when i is divided by 26/1*(4 + 35/(-10))?
10
Let f be 4/(-14) + 110/(-7). Let s(n) = -n**2 - 20*n - 20. Calculate the remainder when s(f) is divided by 15.
14
Suppose -5*r - 52 = -142. Suppose 9*a - 54 - r = 0. Suppose -3*j = 5 - 92. Calculate the remainder when j is divided by a.
5
Let g be 5/(-2)*68/(-85). Let y(m) = 35*m + 5. What is the remainder when y(g) is divided by 4/(-3)*(-117)/6?
23
Let h(b) = -2*b**3 - 4*b**2 - 2*b + 1. Suppose 0 = -3*w - 3*z + 6, -6*z + 4 = -5*z. Calculate the remainder when h(w) is divided by 5.
0
Let h = -24 + 36. Suppose 3*w - 4*w + 17 = -3*z, 3*z = -2*w + 7. Calculate the remainder when w is divided by (-3)/h + (-50)/(-8).
2
Let f = 17 - -16. Suppose 3*s - a = -0*a + 43, 3*s - 3*a - f = 0. What is the remainder when 62/8*(-4)/(-1) is divided by s?
15
Suppose 1082*w = 1088*w - 1500. Calculate the remainder when w is divided by 30.
10
Suppose 2500 + 3170 = 35*t. Calculate the remainder when t is divided by 15.
12
Let n = 1104 - 487. What is the remainder when n is divided by 27?
23
Suppose 101*o - 160 = 103*o. Let p = 20 + -11. What is the remainder when (-2 - 1)/(48/o)*7 is divided by p?
8
Let u be ((-330)/(-20))/(9/12). Suppose 4*v + 5*i + 0*i - 38 = 0, -u = -v + 5*i. Calculate the remainder when v is divided by 3.
0
Let c = 155 - 32. Let l = c + -39. Calculate the remainder when l is divided by 29.
26
Suppose 5*o = 2*o + 312. Suppose 0 = 2*p + 2*p - o. Let w = -17 + p. What is the remainder when 25 is divided by w?
7
Suppose 3*c = 4*j - 468, -2*c - 373 = -4*j + 99. Let z = 58 + -27. What is the remainder when j is divided by z?
27
Let g(n) = -n**2 - 20*n + 29. Let f(i) = -3*i**2 - 6*i - 5. Let c be f(-3). Calculate the remainder when g(c) is divided by 39.
35
Let g = -1436 - -1448. Suppose -2*j + 5 + 149 = 0. Suppose -f + 34 = l - 5*f, 5*f = 2*l - j. Calculate the remainder when l is divided by g.
10
Suppose 0 = -3*a + 135 - 57. What is the remainder when 32 is divided by a?
6
Let u = -210 - -288. What is the remainder when 145 is divided by u?
67
Suppose 3186 = 2*d + 2874. What is the remainder when d is divided by 4?
0
Suppose -4*i = -2*i - 14. Suppose 0 = b - i + 1. Let f(w) = w**3 - 4*w**2 + 2*w + 9. Calculate the remainder when f(b) is divided by 24.
21
What is the remainder when 198 is divided by (-3)/21 + (-211)/(-7) - 1?
24
Let z = 478 - 465. What is the remainder when 90 is divided by z?
12
Suppose -42 = -4*u + 2*c, -u - 2*c = 4*u - 75. Let z = u - -31. Calculate the remainder when z is divided by 23.
21
Let z(a) = a + 8. Let w be z(-7). Let r(x) = 15*x**2 - 2*x + 1. What is the remainder when 18/48 - 421/8*-1 is divided by r(w)?
11
Suppose -3*j - j + 60 = 4*r, -2*j = -5*r + 5. Let d = -8 + j. Suppose 4 = d*m - 3*m, 3*a - 106 = m. What is the remainder when a is divided by 12?
10
Suppose 6*o = -o + 21. Suppose k + r = 20, -k + r + 21 = -o. What is the remainder when 41 is divided by k?
19
Suppose -178 = -2*z - 5*f, -5*z + 5*f - 76 = -556. Calculate the remainder when z is divided by 32.
30
Let m = 36 + -95. Let c = m + 84. What is the remainder when 97 is divided by c?
22
Let l = 21 + -7. Suppose 3*t + 6 = 3. What is the remainder when (101 + t)*(-6)/(-15) is divided by l?
12
Suppose -7 = t + 4*x, 4*x = -2*t + 12 - 10. Suppose 3*u = -2*u - 3*j + 40, 5*j = 3*u + 10. What is the remainder when t is divided by u?
4
Let b(v) = -3*v**3. Let l be b(-1). Let y be l*20 + (0 - -3). Suppose 0 = -0*x + x - y. Calculate the remainder when x is divided by 16.
15
Let x(l) = 4*l + 121. Calculate the remainder when x(-13) is divided by 39.
30
Suppose 4*z + 21 = 33. What is the remainder when 51 is divided by -2 + -1 - (-17 + z)?
7
Suppose -6*q = -8*q. Let h(u) = -u**3 - 9*u**2 - 12*u - 7. Calculate the remainder when h(-9) is divided by (24 - -1) + q + 1.
23
Calculate the remainder when (-6 - 31/(-1)) + 0 is divided by 11.
3
Suppose 111*q - 726 = 89*q. Let r(m) = m**3 - 6*m**2 - 4*m - 4. Calculate the remainder when q is divided by r(7).
16
Let f = 368 + -283. What is the remainder when f is divided by 10?
5
Let l(j) = -j**2 - 10*j + 21. Calculate the remainder when 78 is divided by l(-10).
15
Let q(h) = h**2 + 7*h - 4. Let i be q(-9). Let b = -7 + i. What is the remainder when 25 is divided by b?
4
What is the remainder when 15 is divided by (13 + -11)*3/2?
0
Suppose 149 = -2*d - 3*b + 162, -2*d + 25 = -b. Let n(g) = -g**2 - 8*g + 8. Calculate the remainder when n(-6) is divided by d.
9
Suppose 5*s - 205 = -j - 4*j, 0 = -2*s - j + 86. What is the remainder when 174 is divided by s?
39
Let x be (-1)/4 + 150/24. Let r = 7 + x. Suppose s + 0*s - 7 = 0. Calculate the remainder when r is divided by s.
6
Let g = -1139 + 1168. What is the remainder when 44 is divided by g?
15
Suppose -2*d + 2*o = -178, -3*d = -2*o - 72 - 194. What is the remainder when d is divided by 26?
10
Let q = -29 - -32. What is the remainder when 1 + 16 - (2 - 0/(-1)) is divided by q?
0
Suppose -9*c = 63 - 243. Let g(i) = i**3 - 19*i**2 - 16*i - 11. Calculate the remainder when g(c) is divided by 6.
3
Suppose -17 - 58 = -5*d. Let s = -121 - d. Let k = s + 243. What is the remainder when k is divided by 27?
26
Suppose 2*c + 4 = 4*a - 0, -5*c + 29 = 3*a. What is the remainder when ((-4)/(-12))/(1/144*a) is divided by 6?
4
Calculate the remainder when 155 is divided by 308/6 - ((-6)/9)/(-2).
2
Suppose u - 7 = 2*o - 2*u, 0 = -4*o - 3*u - 5. Let p = -24 + o. Calculate the remainder when (p/(-5))/((-11)/(-110)) is divided by 18.
16
Let d(x) = x + 7. Let l be d(-7). Suppose l = -0*c + 5*c - 10. Suppose -3*r + 23 = c*b - 0*r, 3*r = 5*b - 5. Calculate the remainder when 13 is divided by b.
1
Let z(v) = 21*v + 27. Let l be z(-11). Let n = 47 - l. Calculate the remainder when n is divided by 64.
59
Let x(l) = 5*l + 2. Let f(w) = 2*w**2 - 23*w + 93. Calculate the remainder when f(9) is divided by x(3).
14
Let j be (2/(-6))/(((-38)/492)/19). Let y = j + -62. What is the remainder when y is divided by 7?
6
Let t(p) = -p**2 - 14*p - 18. Let c = 30 + -7. What is the remainder when c is divided by t(-2)?
5
Let p = -2 - -4. Let x(u) = -1 - 6 + p + 2*u**2 - u - 1. Calculate the remainder when 58 is divided by x(-4).
28
Suppose 2*f + 5*z = 26, 5*f + 52 = 9*f - 3*z. What is the remainder when 61 is divided by f?
9
Calculate the remainder when 48 is divided by (-5)/(-1*(2 + -1)).
3
Let a(u) = 5*u**2 - 81*u + 80. What is the remainder when 299 is divided by a(1)?
3
Let t(y) = 15*y**2 - 7*y + 27. Let l be t(4). Let x = l - 135. What is the remainder when x is divided by 18?
14
Let h(x) = 30*x + 195. Let y = 205 - 117. What is the remainder when y is divided by h(-5)?
43
Suppose 5*r + 203 = g, -3*g + 0*g + 3*r = -585. What is the remainder when g is divided by 13?
11
Calculate the remainder when 285 is divided by (-3)/6*-6*413/177.
5
Let c(q) = -14*q**2 + q + 2. Let z be c(-2). Let i = 121 + z. Suppose -2*s + i = 3. What is 